{"id":240,"date":"2022-11-24T13:16:34","date_gmt":"2022-11-24T12:16:34","guid":{"rendered":"http:\/\/localhost\/chateaudecointes\/?page_id=240"},"modified":"2025-07-13T08:32:05","modified_gmt":"2025-07-13T06:32:05","slug":"gite","status":"publish","type":"page","link":"https:\/\/cointes.fr\/index.php\/gite\/","title":{"rendered":"Gite"},"content":{"rendered":"<p>Location du Gite de Cointes.<br \/>\nNous \u00e9crire pour les conditions, tarifs et disponibilit\u00e9s.<br \/>\nEsp\u00e9rant votre visite tr\u00e8s prochainement,<br \/>\nAnne et Fran\u00e7ois<\/p>\n","protected":false},"excerpt":{"rendered":"<p>Location du Gite de Cointes. Nous \u00e9crire pour les conditions, tarifs et disponibilit\u00e9s. Esp\u00e9rant votre visite tr\u00e8s prochainement, Anne et\u2026<\/p>\n","protected":false},"author":1,"featured_media":0,"parent":0,"menu_order":0,"comment_status":"closed","ping_status":"closed","template":"page-gite.php","meta":{"_acf_changed":false,"footnotes":""},"class_list":["post-240","page","type-page","status-publish","hentry"],"acf":[],"jetpack_sharing_enabled":true,"_links":{"self":[{"href":"https:\/\/cointes.fr\/index.php\/wp-json\/wp\/v2\/pages\/240","targetHints":{"allow":["GET"]}}],"collection":[{"href":"https:\/\/cointes.fr\/index.php\/wp-json\/wp\/v2\/pages"}],"about":[{"href":"https:\/\/cointes.fr\/index.php\/wp-json\/wp\/v2\/types\/page"}],"author":[{"embeddable":true,"href":"https:\/\/cointes.fr\/index.php\/wp-json\/wp\/v2\/users\/1"}],"replies":[{"embeddable":true,"href":"https:\/\/cointes.fr\/index.php\/wp-json\/wp\/v2\/comments?post=240"}],"version-history":[{"count":13,"href":"https:\/\/cointes.fr\/index.php\/wp-json\/wp\/v2\/pages\/240\/revisions"}],"predecessor-version":[{"id":2925,"href":"https:\/\/cointes.fr\/index.php\/wp-json\/wp\/v2\/pages\/240\/revisions\/2925"}],"wp:attachment":[{"href":"https:\/\/cointes.fr\/index.php\/wp-json\/wp\/v2\/media?parent=240"}],"curies":[{"name":"wp","href":"https:\/\/api.w.org\/{rel}","templated":true}]}}

<p>Location du Gite de Cointes.<br />
Nous écrire pour les conditions, tarifs et disponibilités.<br />
Espérant votre visite très prochainement,<br />
Anne et François</p>

<p>Location du Gite de Cointes. Nous écrire pour les conditions, tarifs et disponibilités. Espérant votre visite très prochainement, Anne et…</p>
