{"id":141,"date":"2022-12-31T14:59:37","date_gmt":"2022-12-31T13:59:37","guid":{"rendered":"http:\/\/localhost\/chateaudecointes\/?post_type=product&#038;p=141"},"modified":"2024-11-22T15:45:08","modified_gmt":"2024-11-22T14:45:08","slug":"21coibj1","status":"publish","type":"product","link":"https:\/\/cointes.fr\/index.php\/produit\/21coibj1\/","title":{"rendered":"BLANC DE JEAN 2021"},"content":{"rendered":"<p>IGP AUDE COTES DE PROUILHE &#8211; Vin Blanc &#8211; degr\u00e9 : 14.00\u00b0 &#8211; 75 cl<\/p>\n","protected":false},"excerpt":{"rendered":"<p>100% Grenache gris vieille vigne.<br \/>\nFermentation et \u00e9levage sur lie durant 8 mois en barriques.<br \/>\nAccompagnera les ap\u00e9ritifs, entr\u00e9es charcuti\u00e8res, poissons et volailles en sauces, fromage de ch\u00e8vre.<\/p>\n","protected":false},"featured_media":178,"comment_status":"open","ping_status":"closed","template":"","meta":{"_acf_changed":false},"product_brand":[],"product_cat":[25,30],"class_list":{"0":"post-141","1":"product","2":"type-product","3":"status-publish","4":"has-post-thumbnail","6":"product_cat-blanc","7":"product_cat-igp-aude","9":"first","10":"instock","11":"shipping-taxable","12":"purchasable","13":"product-type-simple"},"acf":[],"jetpack_sharing_enabled":true,"_links":{"self":[{"href":"https:\/\/cointes.fr\/index.php\/wp-json\/wp\/v2\/product\/141","targetHints":{"allow":["GET"]}}],"collection":[{"href":"https:\/\/cointes.fr\/index.php\/wp-json\/wp\/v2\/product"}],"about":[{"href":"https:\/\/cointes.fr\/index.php\/wp-json\/wp\/v2\/types\/product"}],"replies":[{"embeddable":true,"href":"https:\/\/cointes.fr\/index.php\/wp-json\/wp\/v2\/comments?post=141"}],"wp:featuredmedia":[{"embeddable":true,"href":"https:\/\/cointes.fr\/index.php\/wp-json\/wp\/v2\/media\/178"}],"wp:attachment":[{"href":"https:\/\/cointes.fr\/index.php\/wp-json\/wp\/v2\/media?parent=141"}],"wp:term":[{"taxonomy":"product_brand","embeddable":true,"href":"https:\/\/cointes.fr\/index.php\/wp-json\/wp\/v2\/product_brand?post=141"},{"taxonomy":"product_cat","embeddable":true,"href":"https:\/\/cointes.fr\/index.php\/wp-json\/wp\/v2\/product_cat?post=141"}],"curies":[{"name":"wp","href":"https:\/\/api.w.org\/{rel}","templated":true}]}}